or of 120512 and 1792.
448
Calculate the greatest common factor of 40 and 9920.
40
Calculate the greatest common divisor of 297810 and 180.
90
What is the highest common divisor of 128 and 29912?
8
Calculate the greatest common factor of 5120 and 400.
80
Calculate the highest common factor of 11 and 511753.
11
Calculate the highest common divisor of 2305 and 570257.
461
What is the greatest common factor of 56 and 15896?
8
What is the greatest common factor of 8455 and 6745?
95
What is the greatest common factor of 38024 and 24?
8
What is the greatest common factor of 8 and 5237608?
8
Calculate the greatest common factor of 37943 and 76.
19
What is the greatest common divisor of 4803 and 4?
1
What is the highest common factor of 200 and 2775?
25
Calculate the highest common factor of 176620 and 55.
5
Calculate the highest common divisor of 37752 and 416.
104
What is the greatest common divisor of 249347 and 1592?
199
What is the greatest common divisor of 164 and 3960518?
82
Calculate the greatest common factor of 12992 and 2291.
29
What is the highest common factor of 16948 and 608?
76
What is the highest common factor of 379412 and 352?
44
What is the highest common divisor of 510 and 755140?
170
What is the greatest common factor of 10793544 and 2672?
1336
What is the greatest common factor of 150 and 1896690?
30
Calculate the greatest common factor of 32 and 3426704.
16
Calculate the highest common divisor of 286638 and 5151.
303
What is the highest common factor of 160 and 16190?
10
Calculate the highest common factor of 84 and 528492.
12
Calculate the highest common divisor of 54488 and 28.
28
What is the highest common divisor of 114 and 63312?
6
Calculate the greatest common factor of 53760 and 1050.
210
What is the highest common factor of 440 and 49184?
8
Calculate the highest common divisor of 1450 and 263600.
50
What is the highest common divisor of 427 and 3660?
61
What is the greatest common factor of 520 and 3029?
13
Calculate the highest common divisor of 42 and 492198.
42
Calculate the highest common factor of 14 and 180.
2
What is the greatest common divisor of 17970 and 30?
30
What is the highest common divisor of 3346 and 4063?
239
What is the highest common divisor of 3804592 and 32?
16
What is the highest common divisor of 561496 and 416?
104
Calculate the greatest common divisor of 4007300 and 2200.
1100
What is the greatest common divisor of 16670 and 960?
10
Calculate the highest common divisor of 70 and 129066.
14
Calculate the greatest common divisor of 712 and 11624.
8
What is the highest common divisor of 11 and 13927243?
11
Calculate the highest common divisor of 616 and 4697.
77
What is the highest common factor of 4094491 and 79?
79
Calculate the greatest common factor of 3070411 and 356.
89
Calculate the highest common divisor of 20434 and 4318.
34
What is the highest common divisor of 84 and 1368?
12
What is the highest common divisor of 12726 and 630?
126
Calculate the greatest common divisor of 721277 and 31.
31
What is the greatest common factor of 105448 and 1421?
49
What is the highest common factor of 4590 and 72590?
170
What is the greatest common divisor of 75631 and 265?
53
Calculate the highest common divisor of 34400 and 28165.
215
What is the highest common divisor of 22 and 39226?
22
What is the highest common divisor of 193 and 9001327?
193
What is the highest common factor of 1761264 and 6342?
906
What is the greatest common divisor of 48927 and 235?
47
What is the greatest common divisor of 44 and 381645?
11
What is the highest common factor of 95354 and 1029?
343
Calculate the highest common factor of 3329250 and 6.
6
Calculate the highest common factor of 816 and 4764.
12
What is the greatest common factor of 54 and 2318?
2
What is the highest common factor of 804 and 172?
4
Calculate the highest common factor of 434 and 39900.
14
What is the greatest common divisor of 4876 and 115964?
212
Calculate the highest common factor of 104 and 22558.
2
Calculate the highest common divisor of 50952 and 594.
66
What is the greatest common factor of 23964 and 306?
6
What is the highest common divisor of 1380 and 26680?
460
Calculate the greatest common factor of 119025 and 2116.
529
Calculate the greatest common divisor of 177 and 382438.
59
What is the highest common divisor of 117 and 225774?
9
Calculate the highest common factor of 132301 and 13.
13
What is the greatest common divisor of 23870 and 5621?
77
What is the highest common divisor of 1224 and 221?
17
What is the greatest common divisor of 17516 and 4234?
58
Calculate the greatest common divisor of 362 and 777757.
181
Calculate the highest common divisor of 22 and 1506.
2
What is the highest common divisor of 128 and 40200?
8
What is the greatest common factor of 199 and 30049?
199
What is the highest common factor of 41069 and 98?
7
Calculate the highest common divisor of 1326 and 73190.
26
Calculate the greatest common divisor of 647 and 673.
1
What is the greatest common divisor of 87 and 504?
3
Calculate the highest common divisor of 1008 and 37548.
252
What is the highest common factor of 6706 and 154?
14
Calculate the highest common factor of 8250 and 18.
6
Calculate the greatest common divisor of 55328 and 12008.
152
What is the highest common factor of 89068 and 56?
28
What is the highest common factor of 708483 and 2085?
417
What is the highest common divisor of 1700 and 8908?
68
What is the greatest common factor of 232326 and 18?
18
Calculate the greatest common divisor of 1998 and 9288.
54
Calculate the greatest common factor of 9783 and 279.
9
Calculate the greatest common factor of 42159 and 94.
47
Calculate the highest common divisor of 279 and 215512.
31
What is the highest common divisor of 138141 and 9?
9
Calculate the greatest common factor of 15463 and 987.
329
Calculate the greatest common factor of 4935 and 3108.
21
Calculate the greatest common factor of 137 and 1509329.
137
What is the greatest common divisor of 34596 and 161820?
1116
What is the highest common divisor of 19 and 58235?
19
What is the greatest common divisor of 108 and 2085966?
54
What is the highest common factor of 183285 and 90?
45
What is the greatest common factor of 71 and 1046327?
71
Calculate the greatest common divisor of 855 and 5065020.
855
Calculate the greatest common divisor of 13611 and 63867.
1047
What is the greatest common divisor of 336 and 222?
6
Calculate the greatest common factor of 6386 and 1442.
206
Calculate the highest common divisor of 1840 and 80477.
23
What is the highest common factor of 23424 and 1281?
183
Calculate the highest common factor of 433 and 37.
1
Calculate the greatest common divisor of 27856 and 4160.
16
Calculate the greatest common divisor of 1968 and 6027.
123
Calculate the greatest common factor of 8797 and 103249.
463
Calculate the greatest common factor of 8184 and 14784.
264
Calculate the highest common factor of 305 and 70272.
61
What is the highest common factor of 1886 and 5198?
46
What is the greatest common factor of 996465 and 45?
15
Calculate the highest common divisor of 14 and 41594.
14
What is the greatest common factor of 33189 and 1521?
39
What is the highest common divisor of 270 and 328060?
10
What is the highest common factor of 1042 and 150?
2
What is the highest common factor of 1896926 and 3544?
886
What is the greatest common divisor of 264603 and 2895?
579
What is the greatest common divisor of 62237 and 4522?
119
What is the highest common divisor of 4410 and 770?
70
What is the highest common factor of 7063 and 23207?
1009
Calculate the greatest common factor of 37 and 275909.
37
Calculate the greatest common factor of 39 and 291239.
13
Calculate the highest common factor of 644 and 1148.
28
Calculate the highest common divisor of 18 and 95994.
18
Calculate the highest common divisor of 168 and 205926.
42
What is the greatest common divisor of 597 and 1479167?
199
What is the greatest common factor of 12206 and 351102?
718
Calculate the greatest common factor of 40 and 7168.
8
Calculate the greatest common factor of 686571 and 1179.
393
Calculate the greatest common factor of 14200 and 2885.
5
Calculate the greatest common divisor of 669632 and 64.
64
Calculate the greatest 